) a prime number?
False
Let k = -16 + 19. Suppose -k*h + 4*h = 2. Is ((-3)/(-12))/(h/1112) composite?
False
Let z(b) = -26*b - 2. Let p(t) = -13*t + 2 - 9 + 6. Let q(m) = 5*p(m) - 3*z(m). Is q(4) prime?
True
Let k(i) = i**3 + 46*i**2 - 7*i + 13. Is k(-21) a composite number?
True
Suppose 2*p - 3 = 3. Suppose -p*r + 11460 + 5337 = 0. Is r a composite number?
True
Let m(w) = 637*w**2 + 30*w + 54. Is m(5) prime?
False
Let g(s) = -3*s**2 + 11*s + 2. Let o be g(6). Let d = 721 - o. Is d a prime number?
True
Let u = 369 - 220. Is u prime?
True
Suppose -22531 = -29*a + 38688. Is a a composite number?
False
Let n(x) = 27*x**2 - 13*x - 5. Let i(c) = 55*c**2 - 27*c - 10. Suppose -2*f - 6 = f. Let t(q) = f*i(q) + 5*n(q). Is t(-6) composite?
True
Suppose 2*s - s + k + 6 = 0, -5*s - 28 = 4*k. Let u be (2/s)/(-1)*6. Suppose 6*o - 2019 = u*o. Is o prime?
True
Suppose 0*a = 6*a - 30. Let r = a + 144. Is r prime?
True
Let o(v) = -2*v**3 - 7*v**2 - 5*v + 7. Let h be o(-5). Suppose h = a - 124. Let z = -73 + a. Is z a composite number?
True
Let j(h) = -h**3 - 2*h**2 - h. Let f be j(0). Suppose f = -11*u + 12*u - 191. Is u a composite number?
False
Let w = -3150 - -1768. Is (-60)/(-40) + (w/(-4))/1 a prime number?
True
Suppose 60*o + 24 = 56*o. Is o/27 + (-20855)/(-9) composite?
True
Let l(w) = 628*w**2 + 3*w + 94. Is l(9) prime?
True
Let a(c) = 305*c + 4. Let s be a(3). Suppose -206 - s = -3*z. Suppose 5*q - 70 = z. Is q composite?
False
Let a(n) = n**2 - 5 - 3 - 1 - 15*n**3 - 4*n + 6. Let d be a(-2). Suppose -5*f + 106 = -d. Is f a prime number?
True
Let v(x) be the third derivative of x**5/60 + x**4/12 + 7*x**3/3 - x**2 + 18*x. Let j be 40/(-3) - (-1)/3. Is v(j) prime?
True
Suppose -9*x = 10*x - 4731. Is x a prime number?
False
Is (132/9 - 2)*47184/32 a prime number?
False
Let o(u) = 2*u - 3 + 3*u**2 - 6 - u**3 - u**2. Let k be o(-7). Let d = k - 257. Is d a composite number?
True
Let x(n) = 325*n**3 + 1. Suppose 1 = -a + 2. Let q be x(a). Let m = -117 + q. Is m a prime number?
False
Let m(g) = -g**3 + 4*g**2 - 7*g - 15. Let h be m(-7). Let j = h - 326. Is j composite?
True
Let s = -1059 + 3871. Suppose 0 = 15*n - 11*n - s. Is n composite?
True
Let z be (-2138)/(-4) + 1/2. Let x = 1248 - z. Is x composite?
True
Let r(h) = 157*h + 7. Let u be r(-5). Let i = u + 1433. Is i prime?
False
Let o(i) = 3*i**2 + 2*i - 1. Let w be ((-6)/(-4))/((-18)/(-24)). Suppose -2 = g + 3*f + 5, -4*f - 8 = w*g. Is o(g) a composite number?
True
Suppose -2 = -2*l + 2. Let f be (33*20/(-4))/(2 - 3). Suppose l*w + f = 5*w. Is w prime?
False
Let q(z) = 115*z**3 + 2*z**2 - 3*z + 1. Let s be -6 + 3 + (-2 - -3). Let b be (-2)/s + 0 + 0. Is q(b) a prime number?
False
Let s = 31924 + -12621. Is s a composite number?
True
Let a be 3 - (-8)/12*249. Let x = a + -102. Is x a prime number?
True
Suppose 3*r + 5*o = 1633, -4*r = -3*o - o - 2156. Is r prime?
True
Let q = 99143 - 17510. Is q composite?
True
Suppose -1768 = -5*u + d, 21*u + 4*d = 24*u - 1071. Is u a prime number?
True
Is (-2)/4 + (-2742745)/(-190) a composite number?
True
Let g = -22 + 26. Suppose -y = -5*y - o + 382, -2*o = g. Suppose 0 = k - y - 17. Is k a composite number?
False
Suppose 0 = -5*d + 20, 2*c + d + 2 = -2. Is c/(-26) - 659196/(-52) composite?
True
Let j be ((-2)/(-5))/((-6)/(-15)). Let f be 34/2*j*11. Suppose f = -0*q + q. Is q a composite number?
True
Let u(d) = -d**3 + 6*d**2 - d + 9. Let w be u(6). Let n = w - 96. Let l = 292 + n. Is l composite?
False
Suppose 19*s - 10 = 4968. Is s a prime number?
False
Let v = -266 - -511. Let b(l) = -23*l + 88. Let c be b(10). Let z = c + v. Is z a prime number?
True
Let j(m) = 302*m + 35. Is j(6) a prime number?
True
Suppose -22*h + 20*h = -18554. Is h a composite number?
False
Suppose -59*k + 61*k - 2 = 0. Suppose n + 0*n - 34 = 0. Is ((n + k)/(-1))/(-1) a prime number?
False
Let w(k) = 7*k - 16. Let b be (-21)/(-3)*-2*2. Let v = 37 + b. Is w(v) a prime number?
True
Is (45972/(-24))/((-6)/4) a prime number?
True
Let s(b) be the second derivative of -b**5/20 + b**4/12 - b**3/6 - 2*b. Let p(f) = -5*f**3 + 4*f**2 - 1. Let c(z) = p(z) - 6*s(z). Is c(4) a prime number?
False
Let g(y) = -2*y**3 - 16*y**2 + 14*y - 9. Suppose 11 = -p + u, 3*p - 2*u + 70 = -2*p. Is g(p) prime?
True
Let d = -396 - -124. Let t(l) = -508*l**2 + l - 2. Let a be t(1). Let g = d - a. Is g prime?
False
Let t = 5 - 2. Suppose -286*j + 280*j = 0. Suppose j*i = -i - 5*d + 286, t = -3*d. Is i a composite number?
True
Suppose 0 = 3*c - g + 6*g - 14, -5*c + 4*g = -11. Suppose -p = c*p - 1588. Is p a prime number?
True
Suppose 3*b + 5*w - 6 = 0, 2*w - 13 - 2 = -3*b. Is (-2)/b + 14325/35 composite?
False
Let s(a) = a**3 + 7*a**2 + 6*a - 3. Let l be s(-6). Let u(y) = -30*y - 136*y - 5 + 10. Is u(l) composite?
False
Suppose -8 + 13 = t. Suppose -t*u - 15 = 0, 2*m - 3*u = -4*u + 895. Is m prime?
True
Let c(t) = 18*t**3 - 4*t**2 - 17*t + 17. Is c(6) composite?
False
Let l = 18 - 23. Is 178 + l/(20/(-4)) composite?
False
Let n(x) = x**3 - 12*x**2 - 13*x + 3. Let k be n(13). Suppose -3*l - 3156 = -897. Is l/(-6)*(5 - k) prime?
True
Suppose 3 = -v + 7. Suppose v*f + 829 = 5457. Is f a prime number?
False
Suppose 0*m - 5*m + 290 = 0. Let d = 185 - m. Is d composite?
False
Let u(g) = g + 13. Let l be u(9). Let k = l + -21. Is -2 - -6 - (k - 79) a prime number?
False
Suppose 2*y = 4*y + 116. Let t = 819 - y. Is t prime?
True
Suppose 0*u = -17*u + 171683. Is u prime?
True
Suppose -8*d + 11*d = 573. Suppose 5*g = d - 6. Is g a composite number?
False
Let r(d) = -d + 0 - 2 + 0*d - 4*d. Suppose -5*u - 12 = 2*k, -2*k - 2*u - 3 = 15. Is r(k) composite?
False
Let p(d) = -31 + 17 - 19 + 104*d. Is p(5) a prime number?
True
Let u(i) = i**3 + 7*i**2 - 7*i + 10. Let c be u(-8). Suppose -3*m - 3*k = -c*m - 2878, -5*k + 25 = 0. Is m a prime number?
False
Let k(g) be the third derivative of g**5/60 + g**4/8 + g**3/3 - 7*g**2. Let y be k(-3). Suppose -y*o + 4 = 0, -5*h + 444 = 3*o - 197. Is h prime?
True
Let q = -4566 - -7993. Is q composite?
True
Suppose -2*q - 1094 + 9496 = 0. Is q a prime number?
True
Suppose 3*h = 411 + 132. Let u be -4 + ((-42)/10)/(4/(-160)). Suppose -h - u = -3*r. Is r a composite number?
True
Let l(i) = -62*i**3 + 18*i**2 - 17*i - 19. Is l(-8) a prime number?
True
Suppose -793502 = 203*r - 240*r. Is r a composite number?
True
Suppose s = 4, 64408 = 4*i - 2*s - 301844. Is i prime?
False
Let m(x) = -5*x**3 + 25*x**2 + 41*x - 22. Let j(d) = 3*d**3 - 13*d**2 - 21*d + 11. Let v(n) = -7*j(n) - 4*m(n). Is v(-8) a prime number?
True
Let q = -2192 - -3814. Suppose 3*n + q = 18269. Is n composite?
True
Let b = 31172 + -21077. Suppose -31*c = -26*c - b. Is c a prime number?
False
Suppose 5*w - 193195 = 2*y, 3*w - 2*y - 147683 = -31766. Is w a prime number?
True
Suppose -4*r = -4*o - 39312 - 40512, -19981 = -r - 4*o. Is r composite?
False
Suppose 2679 = 5*s - 11761. Suppose -5*a + 927 = -s. Is a composite?
True
Let j = 1240 - -1027. Is j prime?
True
Let w(o) = 545 - o - 66*o**3 - 546 - o. Is w(-1) a prime number?
True
Let v = -440 + 865. Let l = 806 - v. Is l composite?
True
Let s(y) = y**2 + y - 2. Let q be s(-2). Suppose q = f - 5*t - 53, 5*t + 2 = 7. Is f prime?
False
Suppose -3*g + 7*g + 976 = 0. Suppose 3*t = -0*t - 1605. Let b = g - t. Is b a composite number?
True
Let d be -7 + 1323 - (2 + -1 - 2). Suppose 9*r = 6*r + d. Is r a composite number?
False
Let u = 8 + -5. Let b = 147 - 143. Suppose 0 = u*t - b*t + 1049. Is t a prime number?
True
Suppose -t + 176 = 7*t. Let y(u) = -u**2 + 38*u - 11. Is y(t) composite?
True
Let y = -26 - -28. Suppose -q + 3*a = 6*a - 1279, -a = -y. Suppose -2*g + 3575 - q = 0. Is g composite?
False
Suppose 2*b + 1 = -1. Let w be 4/(b*1/14). Let q = w + 118. Is q a composite number?
True
Let r = 2624 - 1339. Let w = r + -702. Is w a composite number?
True
Let d = 49857 + -30752. Is d composite?
True
Is 3/(-1) - (-79016)/28 a prime number?
True
Suppose 3*a + 5 = -4*c + 32, -4*a + 26 = 2*c. Is a/(-3) + 9746/66 a composite number?
True
Let z = 97 + -58. Suppose -z = -g - 217. Let b = g - -579. Is b a composite number?
False
Let d(v) = -v**3 + 46*v**2 - 37*v + 65. Is d(26) a prime number?
False
Is 28787 - (-25 - -22)/(3/2) prime?
True
Suppose 0*d - 5*d = -3620. Let l = d - -153. Is l a prime number